9?
3, 137835413
What are the prime factors of 194002540?
2, 5, 19, 83, 6151
What are the prime factors of 42643188?
2, 3, 7, 169219
What are the prime factors of 42467375?
5, 19, 17881
List the prime factors of 3792615.
3, 5, 17, 107, 139
What are the prime factors of 185234558?
2, 92617279
What are the prime factors of 61371728?
2, 11, 23, 15161
What are the prime factors of 3444922917?
3, 382769213
List the prime factors of 1274975032.
2, 41, 1733, 2243
List the prime factors of 108999127.
108999127
What are the prime factors of 35357469?
3, 7, 34361
What are the prime factors of 243693479?
3191, 76369
List the prime factors of 1511357843.
1511357843
What are the prime factors of 255404986?
2, 53, 811, 2971
What are the prime factors of 751984737?
3, 7, 35808797
What are the prime factors of 61604983?
11, 5600453
What are the prime factors of 46962111?
3, 7, 193, 11587
What are the prime factors of 49274751?
3, 3533, 4649
List the prime factors of 4594530390.
2, 3, 5, 3061, 50033
List the prime factors of 120072661.
120072661
What are the prime factors of 912841772?
2, 228210443
List the prime factors of 86548719.
3, 28849573
List the prime factors of 1248905720.
2, 5, 19, 251, 6547
What are the prime factors of 2559379250?
2, 5, 509, 20113
What are the prime factors of 2221624271?
97, 2389, 9587
List the prime factors of 250189391.
17, 157, 93739
List the prime factors of 123998948.
2, 30999737
What are the prime factors of 2744872524?
2, 3, 1307, 58337
List the prime factors of 839957511.
3, 101, 2772137
What are the prime factors of 51223221?
3, 7, 19, 42793
List the prime factors of 249194469.
3, 83, 467, 2143
List the prime factors of 1453651455.
3, 5, 96910097
List the prime factors of 144473079.
3, 1249, 38557
What are the prime factors of 69305230?
2, 5, 71, 97613
What are the prime factors of 406039724?
2, 73, 1390547
What are the prime factors of 125990679?
3, 3943, 10651
List the prime factors of 220834997.
220834997
List the prime factors of 70518438.
2, 3, 67, 73, 89
List the prime factors of 108950373.
3, 7, 82351
List the prime factors of 1907211184.
2, 19, 83, 131, 577
List the prime factors of 3121368356.
2, 780342089
List the prime factors of 10862055.
3, 5, 281, 859
List the prime factors of 246442356.
2, 3, 6845621
What are the prime factors of 1489879846?
2, 7, 13, 8186153
What are the prime factors of 25315894?
2, 12657947
What are the prime factors of 26466830?
2, 5, 13, 203591
What are the prime factors of 2196992607?
3, 79, 9270011
List the prime factors of 37705667.
1709, 22063
What are the prime factors of 86225771?
971, 88801
What are the prime factors of 263495191?
383, 687977
List the prime factors of 1347415270.
2, 5, 47, 2866841
What are the prime factors of 177288668?
2, 44322167
What are the prime factors of 128321764?
2, 389, 82469
List the prime factors of 2068146315.
3, 5, 23, 1998209
What are the prime factors of 49406038?
2, 11, 631, 3559
List the prime factors of 6312829833.
3, 73, 9608569
List the prime factors of 5263461362.
2, 137, 163, 117851
List the prime factors of 2223689395.
5, 444737879
What are the prime factors of 100254179?
100254179
List the prime factors of 286746876.
2, 3, 13, 43, 14249
What are the prime factors of 769605447?
3, 13, 19733473
What are the prime factors of 1032347892?
2, 3, 86028991
List the prime factors of 434265166.
2, 217132583
What are the prime factors of 1230186119?
23, 29, 1844357
What are the prime factors of 21240529?
21240529
List the prime factors of 533233881.
3, 19749403
What are the prime factors of 3910815804?
2, 3, 7, 4591, 10141
List the prime factors of 476712129.
3, 2677, 59359
What are the prime factors of 144570751?
13, 503, 22109
List the prime factors of 3081384475.
5, 13, 2099, 4517
List the prime factors of 256856940.
2, 3, 5, 131, 3631
What are the prime factors of 5159529?
3, 83, 6907
What are the prime factors of 2651916959?
2651916959
List the prime factors of 96974444.
2, 7, 1777, 1949
List the prime factors of 1407506811.
3, 101, 4645237
List the prime factors of 2341452890.
2, 5, 7, 5711, 5857
List the prime factors of 700800974.
2, 433, 809239
List the prime factors of 657105419.
31, 21196949
What are the prime factors of 489046080?
2, 3, 5, 31, 16433
What are the prime factors of 553504802?
2, 17, 16279553
What are the prime factors of 31478623?
11, 43, 61, 1091
List the prime factors of 6894804280.
2, 5, 7, 13, 173, 10949
What are the prime factors of 38754584?
2, 11, 440393
What are the prime factors of 81020160?
2, 3, 5, 13, 541
What are the prime factors of 18381696?
2, 3, 47869
What are the prime factors of 317010681?
3, 13, 31, 87403
What are the prime factors of 1118433173?
11, 13, 7821211
What are the prime factors of 223958779?
11, 71, 131, 199
List the prime factors of 5652943655.
5, 1130588731
List the prime factors of 131594993.
2927, 44959
List the prime factors of 48267508.
2, 443, 27239
List the prime factors of 2765534807.
7, 2129, 185569
List the prime factors of 3557619018.
2, 3, 43, 4596407
What are the prime factors of 246836581?
19, 229, 56731
What are the prime factors of 385206292?
2, 96301573
What are the prime factors of 54925722?
2, 3, 127, 8009
List the prime factors of 1630813353.
3, 13, 79, 529313
List the prime factors of 207550919.
23, 47, 191999
What are the prime factors of 59516206?
2, 29758103
List the prime factors of 335830365.
3, 5, 13, 673, 853
What are the prime factors of 2528694366?
2, 3, 11, 31, 61, 20261
List the prime factors of 1708394326.
2, 73, 751, 15581
What are the prime factors of 1780878256?
2, 111304891
List the prime factors of 58136558.
2, 163, 178333
What are the prime factors of 37474970?
2, 5, 13, 17, 31, 547
What are the prime factors of 30674801?
23, 1333687
List the prime factors of 132441784.
2, 59, 280597
What are the prime factors of 304893307?
304893307
List the prime factors of 1916314258.
2, 29, 263, 125627
List the prime factors of 133981882.
2, 19, 1327, 2657
List the prime factors of 2879984022.
2, 3, 37, 12972901
List the prime factors of 204775323.
3, 113, 604057
What are the prime factors of 69091646?
2, 13, 2657371
What are the prime factors of 41324529?
3, 809, 17027
What are the prime factors of 366170925?
3, 5, 23, 79, 2687
What are the prime factors of 32719883?
7, 17, 274957
What are the prime factors of 17471993?
7, 11, 103, 2203
List the prime factors of 144908740.
2, 5, 23, 101, 3119
List the prime factors of 56023588.
2, 14005897
What are the prime factors of 6928816076?
2, 7, 13, 31, 677, 907
List the prime factors of 17726450.
2, 5, 7, 50647
List the prime factors of 61052055.
3, 5, 4070137
List the prime factors of 226699190.
2, 5, 67, 79, 4283
What are the prime factors of 356732606?
2, 101, 1766003
What are the prime factors of 529541281?
41, 883, 14627
What are the prime factors of 1026476822?
2, 7, 43, 1705111
What are the prime factors of 32022869?
191, 389, 431
List the prime factors of 3002013803.
83, 1279, 28279
What are the prime factors of 15145420?
2, 5, 757271
List the prime factors of 768791668.
2, 43, 4469719
What are the prime factors of 566611434?
2, 3, 607, 51859
List the prime factors of 743802398.
2, 263, 1414073
List the prime factors of 5225706705.
3, 5, 19, 97, 421, 449
What are the prime factors of 8094225941?
23, 227, 1550321
List the prime factors of 1367596983.
3, 43, 3253, 3259
List the prime factors of 5886059058.
2, 3, 11, 19, 73, 21433
List the prime factors of 25829910.
2, 3, 5, 286999
List the prime factors of 3563786970.
2, 3, 5, 31, 47309
List the prime factors of 325933408.
2, 10185419
List the prime factors of 40648992.
2, 3, 423427
What are the prime factors of 543378254?
2, 167, 1626881
What are the prime factors of 685973484?
2, 3, 7, 2722117
List the prime factors of 1512342701.
7529, 200869
What are the prime factors of 31163141?
463, 67307
List the prime factors of 1272583429.
13, 79, 1239127
List the prime factors of 271695336.
2, 3, 11, 93559
List the prime factors of 30449970.
2, 3, 5, 19, 17807
List the prime factors of 3579622417.
7, 449, 1138919
List the prime factors of 49522365.
3, 5, 83, 13259
What are the prime factors of 485191005?
3, 5, 13, 2488159
List the prime factors of 105873585.
3, 5, 70